{"id":1190,"date":"2023-10-06T02:55:44","date_gmt":"2023-10-06T02:55:44","guid":{"rendered":"https:\/\/halanfeed.com\/?post_type=product&#038;p=1190"},"modified":"2023-10-09T07:02:29","modified_gmt":"2023-10-09T07:02:29","slug":"thuc-an-hon-hop-cho-lon-nai-sieu-nac-88f-nuoi-con","status":"publish","type":"product","link":"https:\/\/halanfeed.com\/index.php\/product\/thuc-an-hon-hop-cho-lon-nai-sieu-nac-88f-nuoi-con\/","title":{"rendered":"Th\u1ee9c \u0103n h\u1ed7n h\u1ee3p cho l\u1ee3n n\u00e1i si\u00eau n\u1ea1c  88F Nu\u00f4i con"},"content":{"rendered":"<p><strong>Th\u00e0nh ph\u1ea7n nguy\u00ean li\u1ec7u :<\/strong><\/p>\n<ul>\n<li>Ng\u00f4 \u00e9p \u0111\u00f9n, c\u00e1m g\u1ea1o, t\u1ea5m g\u1ea1o, h\u1ea1t l\u00faa m\u00ec, kh\u00f4 \u0111\u1eadu t\u01b0\u01a1ng, \u0111\u1eadu t\u01b0\u01a1ng l\u00ean men, \u0111\u1eadu t\u01b0\u01a1ng \u00e9p \u0111\u00f9n, b\u1ed9t c\u00e1 nh\u1ea1t, b\u1ed9t s\u1eefa, \u0111\u01b0\u1eddng lactosa, c\u00e1c axit amin, c\u00e1c lo\u1ea1i premix vitamin, kho\u00e1ng vi l\u01b0\u1ee3ng, kho\u00e1ng \u0111a l\u01b0\u1ee3ng, c\u00e1c ch\u1ea5t ph\u1ee5 gia<\/li>\n<\/ul>\n<p><strong>H\u01b0\u1edbng d\u1eabn s\u1eed d\u1ee5ng<\/strong><\/p>\n<ul>\n<li>Cho l\u01a1n \u0103n t\u1ef1 do trong ng\u00e0y<\/li>\n<li>Cung c\u1ea5p \u0111\u1ea7y \u0111\u1ee7 n\u01b0\u1edbc u\u1ed1ng s\u1ea1ch cho v\u1eadt nu\u00f4i<\/li>\n<\/ul>\n","protected":false},"excerpt":{"rendered":"<p>Th\u00e0nh ph\u1ea7n nguy\u00ean li\u1ec7u : Ng\u00f4 \u00e9p \u0111\u00f9n, c\u00e1m g\u1ea1o, t\u1ea5m g\u1ea1o, h\u1ea1t l\u00faa m\u00ec, kh\u00f4 \u0111\u1eadu t\u01b0\u01a1ng, \u0111\u1eadu t\u01b0\u01a1ng l\u00ean men, \u0111\u1eadu t\u01b0\u01a1ng \u00e9p \u0111\u00f9n, b\u1ed9t c\u00e1 nh\u1ea1t, b\u1ed9t s\u1eefa, \u0111\u01b0\u1eddng lactosa, c\u00e1c axit amin, c\u00e1c lo\u1ea1i premix vitamin, kho\u00e1ng vi l\u01b0\u1ee3ng, kho\u00e1ng \u0111a l\u01b0\u1ee3ng, c\u00e1c ch\u1ea5t ph\u1ee5 gia H\u01b0\u1edbng d\u1eabn s\u1eed d\u1ee5ng Cho [&hellip;]<\/p>\n","protected":false},"featured_media":1450,"template":"","meta":{"_acf_changed":false},"product_cat":[55,66],"product_tag":[],"acf":[],"_links":{"self":[{"href":"https:\/\/halanfeed.com\/index.php\/wp-json\/wp\/v2\/product\/1190"}],"collection":[{"href":"https:\/\/halanfeed.com\/index.php\/wp-json\/wp\/v2\/product"}],"about":[{"href":"https:\/\/halanfeed.com\/index.php\/wp-json\/wp\/v2\/types\/product"}],"version-history":[{"count":0,"href":"https:\/\/halanfeed.com\/index.php\/wp-json\/wp\/v2\/product\/1190\/revisions"}],"wp:featuredmedia":[{"embeddable":true,"href":"https:\/\/halanfeed.com\/index.php\/wp-json\/wp\/v2\/media\/1450"}],"wp:attachment":[{"href":"https:\/\/halanfeed.com\/index.php\/wp-json\/wp\/v2\/media?parent=1190"}],"wp:term":[{"taxonomy":"product_cat","embeddable":true,"href":"https:\/\/halanfeed.com\/index.php\/wp-json\/wp\/v2\/product_cat?post=1190"},{"taxonomy":"product_tag","embeddable":true,"href":"https:\/\/halanfeed.com\/index.php\/wp-json\/wp\/v2\/product_tag?post=1190"}],"curies":[{"name":"wp","href":"https:\/\/api.w.org\/{rel}","templated":true}]}}